= i. What are the prime factors of l?
83
Suppose -4*v + 9665 + 117495 = 4*n, -5*n = 4*v - 158957. What are the prime factors of n?
3, 3533
Suppose 5*v + 4*k - 59913 = 0, -v + k = -8724 - 3255. What are the prime factors of v?
11981
Let y(h) = h**3 - 11*h**2 + 10. Let c be y(11). Let m(w) be the first derivative of 2*w**3/3 - 17*w**2/2 + 13*w - 33. What are the prime factors of m(c)?
43
List the prime factors of (-694925)/(-57) - (-1)/3.
2, 3, 127
Let q(w) = 113*w. Let h be q(9). Suppose 5*a - 5 = m, 29 - 34 = -4*m - 5*a. Suppose m = -15*y + 738 + h. List the prime factors of y.
3, 13
Suppose 5*w - 3*y = 18619, 5*w + 2*y = 6*y + 18617. What are the prime factors of w?
5, 149
Suppose 41*l - 105*l + 256 = 0. Suppose -2888 = -3*i - 2*o, l*i + 2*o - 3*o = 3836. What are the prime factors of i?
2, 3, 5
Suppose -4*m + 2*u = 3*u - 9, -4*u = 12. Suppose 64 = l - m*q, -l + 68 = -0*q - 2*q. Suppose 0*h = h - l. What are the prime factors of h?
2, 19
Let d(n) = 189*n - 2539. List the prime factors of d(63).
2, 1171
What are the prime factors of (-6482556)/(-738) - (-8)/164?
2, 3, 61
Let z(s) be the second derivative of 3*s**5/20 + s**4/6 - 13*s**3/6 - 7*s**2 - 22*s. Let o be z(-6). Let l = -360 - o. List the prime factors of l.
2, 19
Let v = -4307 + 11585. What are the prime factors of v?
2, 3, 1213
Let w be -1 + (-4)/(-6) + (-42)/(-18). What are the prime factors of (-9 + 43 + -2 + w)*3?
2, 3, 17
Let j(f) = f**3 - 19*f**2 - 97*f + 22. List the prime factors of j(42).
2, 5, 11, 83
Let b(d) = -412*d + 906. What are the prime factors of b(-10)?
2, 7, 359
Let c(k) = 2*k - 33. Let w be c(16). Let q be -106 - (5/5 + w). Let m = 370 + q. List the prime factors of m.
2, 3, 11
Let z be -1 + 8 + (-8 - -3). Suppose 0 = -5*k - c + 3791, -2*k = 3*c - z*c - 1514. List the prime factors of k.
3, 11, 23
Suppose -130472 = -68*k - 25820. What are the prime factors of k?
3, 19
Suppose 2*d - 4*d - g = -747, -3*g - 3 = 0. List the prime factors of 2 - ((d - 3)/(-1) + 2).
7, 53
Suppose -4*z + 1156 = -4*f, -4*z - 7*f = -3*f - 1180. Let p = z - 56. List the prime factors of p.
2, 59
Suppose 2*s + s = 15. Let g(d) = -d**2 + 5*d - 40. Let w be g(8). Let l = s - w. List the prime factors of l.
3, 23
Let f(v) be the second derivative of 0 + 32*v + 13/2*v**2 + 0*v**3 + 1/12*v**4. List the prime factors of f(11).
2, 67
Let k(a) = -11*a**2 - 17*a + 62. Let g be k(7). Let l = 1627 + g. What are the prime factors of l?
1031
Let v(i) = i**2 + 8*i - 305. Let k be v(11). Let b = -11 - -145. Let n = k + b. List the prime factors of n.
2, 19
Suppose -2*p - 399 = -3*j, 2*p + 2*p + 4*j = -788. What are the prime factors of (112/21)/((-3)/p)?
2, 11
Let f(l) = -258*l - 132. Let n(d) = -d**3 - 16*d**2 + 10*d - 122. Let b be n(-17). What are the prime factors of f(b)?
2, 3, 107
List the prime factors of 16917 + (31 - 35)*(-1)/4.
2, 11, 769
Let i = 22339 - 17879. What are the prime factors of i?
2, 5, 223
Let b(c) = -117*c + 12. Let n be b(-1). Suppose 4 = a, j - 2*a + 44 = n. List the prime factors of j.
3, 31
Let c(d) = -d**2 + 28*d - 24. Suppose 334*s - 84 = 330*s. What are the prime factors of c(s)?
3, 41
Let h(j) = j**2 + 5*j + 9. Let c be h(-5). Suppose 4*i - c*i = -755. Let u = -28 + i. What are the prime factors of u?
3, 41
Let m = 61081 + -32610. What are the prime factors of m?
71, 401
Let n = -151 + 155. Suppose 0*w = 2*w - n*j - 524, 1370 = 5*w + 5*j. List the prime factors of w.
2, 3, 5
Let k = 146 - 111. Suppose -v = -k - 204. List the prime factors of v.
239
Suppose -15*x + 12*x + 2331 = 0. Suppose -a + 11 = 3*o - 0*a, 2*o = a + 9. Suppose o*u - 11*u + x = 0. List the prime factors of u.
3, 37
Let t(u) = u**2 - 7*u - 40. Let w be t(-4). Suppose -w*z - 26*z + 7650 = 0. List the prime factors of z.
3, 5, 17
Let u(j) = -5*j - 1. Suppose -z + s - 2*s = 20, 4*z = -2*s - 88. Let v = 22 + z. What are the prime factors of u(v)?
3
Suppose 4*z - 11772 = -1100. Suppose -z - 80 = -12*y. List the prime factors of y.
229
Let q = 65 + -63. Let b be (4 + (868/8)/(-1))*q. Let x = 361 + b. List the prime factors of x.
2, 19
Let k(n) = 21*n**3 - 7*n**2 - 126*n + 1064. List the prime factors of k(10).
2, 7, 359
Let m(j) = 1111*j**2 - 80*j + 159. List the prime factors of m(2).
3, 1481
List the prime factors of -12*1897/(-28) - -11.
2, 103
Let b(l) = -7*l + 30. Let q be b(8). List the prime factors of (-14772)/q - (-9)/((-351)/6).
2, 71
Suppose 6*c - 34 = -10. Suppose 14*a - 4 = 12*a, 3*g - c*a - 790 = 0. List the prime factors of g.
2, 7, 19
List the prime factors of (3220/(-490))/(3/(-2982)).
2, 23, 71
Suppose -3*x + 9 = 2*r, -7*r = 3*x - 2*r. Suppose -3*s = -23*a + 24*a - 1534, -x*a - 1017 = -2*s. List the prime factors of s.
7, 73
Let o = -25 - -52. Suppose 33 + o = 6*m. What are the prime factors of ((-135)/m)/(2/(-4)) - 1?
2, 13
Suppose v - a + 4 = 0, -2*a - 3*a = 2*v + 1. List the prime factors of ((-3591)/(-15))/(v/(-10)).
2, 3, 7, 19
Suppose -4*i + 21 = y, 6*i = 9*i + 2*y - 12. Suppose i*g = 32*g - 27144. List the prime factors of g.
2, 3, 29
Suppose 0 = 4*a, -6*f = -4*f - 4*a - 6. Suppose -5*u = f*u + 5224. Let l = -414 - u. List the prime factors of l.
239
List the prime factors of (6735872/108)/11 + (-12)/(-162).
2, 3, 5, 7
Let n(t) = -5*t**2 - 2*t + 31. Let f be n(-6). Let k = f + 437. What are the prime factors of k?
2, 3, 5
Suppose t = 345*z - 340*z + 6163, 5*t - z - 30695 = 0. List the prime factors of t.
2, 3, 11, 31
Let p = -17 - -22. Suppose 5*q + 0*q = p*z, q = -5*z + 30. Suppose -q*g - 2 = -392. What are the prime factors of g?
2, 3, 13
Let c(s) = 9205*s - 19773. What are the prime factors of c(6)?
3, 53, 223
Suppose 2*q + 441 = 3283. Suppose t + 3*t - q = -5*o, 3*t = 3*o + 1032. List the prime factors of t.
349
Suppose -4*z - 4 = -3*l - l, -5*l - 3*z = 11. List the prime factors of 825 + 34 - (l + 7).
853
Suppose -5*h + 6*o + 40168 = -63144, 2*o = 6. List the prime factors of h.
2, 10333
Suppose 0 = 2*p + 2*a - 51 + 265, p + 5*a = -99. Let f = -21 - p. List the prime factors of -40*((-226)/f - (-8)/(-44)).
2, 5, 11
Let r be (0 - -1)/(19/(-95)). Let g(y) = 3 - 16 + 5*y + 1 + y + 2*y**2. List the prime factors of g(r).
2
Suppose 111*d - 428523 = -90861. What are the prime factors of d?
2, 3, 13
Let g(r) = -101*r**3 + 6*r**2 - r - 3. Let b be g(2). Let t = b + 1342. What are the prime factors of t?
7, 79
Let x = -61 + 58. Let l be 3 + (-19 - x)/(-4). What are the prime factors of 2/(l/(364/8))?
13
What are the prime factors of 224/(-12)*13881/(-28)?
2, 7, 661
Let h(f) = 6*f**3 - f**2 + 16*f - 15. Suppose 3*y + m = 20, -28 = -y - 3*y - 2*m. List the prime factors of h(y).
3, 149
Suppose 0 = 57*j - 395204 + 20714. List the prime factors of j.
2, 3, 5, 73
Let n(j) = j - 10*j**2 + 1 - j + 11*j**2. Let d be n(2). Suppose 0 = -d*g + 5 + 30. What are the prime factors of g?
7
Suppose -261453 = 40*q - 779013. List the prime factors of q.
3, 19, 227
Let q(f) be the third derivative of f**6/60 - f**5/30 - f**4/24 + f**3/6 + 6*f**2. Let t be q(-2). Let j = -19 - t. What are the prime factors of j?
2
Let d = -750 - -755. Suppose -4*h = d*l - 6*h - 1909, 3*h = 2*l - 768. What are the prime factors of l?
3, 127
Let c = -12 + 15. Suppose -6 - 203 = -c*h + 5*j, j = 5*h - 363. What are the prime factors of h?
73
Let j = -38 + 46. Suppose 3*n = j + 16. Suppose -13*d + 385 = -n*d. List the prime factors of d.
7, 11
Let z = -30099 - -50402. List the prime factors of z.
79, 257
Suppose -3*h - 5*a - 135 + 1532 = 0, h = -5*a + 459. Suppose -339 = -4*c + h. What are the prime factors of c?
2, 101
Let p = 12900 + 5061. What are the prime factors of p?
3, 5987
Suppose -w + 14 = w - 2*f, 4*w - 33 = 5*f. Suppose -3*r - 6 = w*z + 324, -5*r = -2*z + 550. List the prime factors of 3 + 1 - 8 - r.
2, 53
Suppose 46*c - 25*c + 94000 = 26*c. List the prime factors of c.
2, 5, 47
Suppose 0 = 4*x - 2 - 22. Suppose 4062 = x*i - 2172. List the prime factors of i.
1039
Suppose 0 = 4*o + 2*m - 118, 3*m + 108 = 3*o - 2*m. List the prime factors of ((-3 + 4)*o)/(7/196).
2, 7, 31
Let s be (-2 + 672)*(-1 + 21/35). Let q = 889 + s. Suppose 3*p + 0*p + 5*z - 597 = 0, 3*p = 3*z + q. What are the prime factors of p?
2, 3, 17
Let y(u) = 185*u + 53. Let o be y(4). Suppose -5*j - 4*f = -1853, 2*j + 56 - o = -3*f. List the prime fact